 common factor of 24 and a?
24
Let c(g) = -g**3 + 2*g**2 + 3*g + 2. Suppose 5*z + 5*t + 3 = -12, -2 = 2*t. Let i be c(z). Calculate the highest common divisor of i and 132.
12
Let o be (-5)/45 - 59248/(-252). What is the highest common factor of o and 25?
5
Let t be 8*(6/(-16) + (-30)/(-16)). Suppose 4*o - 92 = -t. Suppose -45 - 5 = -5*h. Calculate the highest common factor of h and o.
10
Let v(x) = -x**3 + 8*x**2 + 10*x + 1. Suppose -2*b + 11 = -b. Suppose -47 + b = -4*w. Let i be v(w). Calculate the highest common divisor of 10 and i.
10
Let c(x) = -2*x**2 + 9*x - 4. Let a be c(4). Let n(o) = 4*o + 14. Let w be n(a). Calculate the highest common factor of w and 14.
14
Let p = 76 + -36. Suppose 5*u - 21 = -6. Suppose -304 = -u*z + 4*b, -4 = 2*b - 2. What is the greatest common factor of z and p?
20
Let n = 20 - 5. Let m = 119 - 44. Calculate the highest common divisor of n and m.
15
Suppose i = -4*i + 40. Let u(r) = r**2 - 49*r + 240. Let w be u(5). What is the greatest common divisor of w and i?
4
Let o = -39 + 60. Let t = 166 - 61. Calculate the greatest common factor of o and t.
21
Suppose 4*f - 300 = -5*n, 0 = -9*f + 5*f + n + 300. What is the greatest common divisor of 225 and f?
75
Let j(g) = 3*g**2 - 3*g - 3. Let z be j(5). Suppose 0 = 3*v - z - 30. Let r be (29*(-10 + 6))/((-1)/2). What is the highest common factor of r and v?
29
Let z(f) = f**2 + 4. Let i be z(-3). Let k = i - 8. Suppose 0 = -2*r + 5*r - 150. Calculate the highest common factor of r and k.
5
Suppose -5*a - 4*g = -186, 54 = a + 8*g - 3*g. Calculate the greatest common factor of a and 136.
34
Suppose -2 = -4*d + d - k, -2*k = -d - 4. Let w be -1 - d/(-2) - -99. Suppose -t + 19 = g, -5*g + 8*g = 5*t - 55. What is the highest common factor of t and w?
14
Let a(k) = k**3 + 7*k**2 - 5. Let y be a(-7). Suppose 40 = -8*t - 112. Let j = y - t. Calculate the highest common factor of 70 and j.
14
Suppose -4*d = -3*d - 1. Let r be 132 - (0 - d - -3). Suppose 101*l + 26 = 102*l. What is the greatest common factor of r and l?
26
Suppose 0 = 2*g + 4*l - 224, -5*g - 3*l = -41 - 498. What is the greatest common divisor of 2 and g?
2
Suppose -4*h = 4*z - 40, 4*z - 19 = -h + 6*z. Suppose 411 = 4*b - 5*n, -7*b + 2*b = -2*n - 518. Calculate the highest common factor of b and h.
13
Let u = -446 - -461. Let t be -1 + 2 + -1 - -165. Calculate the highest common factor of t and u.
15
Suppose -m = -3*m - 3*a + 1827, 2757 = 3*m - a. Calculate the greatest common divisor of m and 108.
54
Let q be 3 - 82/26 - 2758/(-13). Suppose 184 = 4*v - q. Calculate the highest common factor of 11 and v.
11
Suppose 7*r = -8*r - 30. Let t be r + 38 + -3 - (1 - 1). What is the greatest common factor of t and 165?
33
Suppose 3*o + 0*o - 18 = 0. Suppose -a + 10*w = 5*w - 18, 5*a + 2*w - 9 = 0. What is the highest common divisor of a and o?
3
Let l(z) = -2*z**2 - 12*z - 14. Let m be l(-4). Suppose -m*g - 2*t = -40, -23 = -2*g + t + 20. Calculate the greatest common factor of 7 and g.
7
Let h be 91 - -2 - 12/15*5. Let w = 91 - h. Calculate the highest common factor of 36 and w.
2
Suppose -g - 5 = 0, -m - 9*g + 11*g = -106. What is the highest common factor of 78 and m?
6
Let k = -56 + 84. Suppose -239 = -3*h - 8. Suppose h - 245 = -4*s. Calculate the highest common factor of s and k.
14
Suppose 4*l + q - 31 = -8, -4*q - 13 = -5*l. Let y(n) = 4*n - 10. Let h be y(l). What is the highest common divisor of h and 4?
2
Let x(v) = -3*v**3 + 3*v**2 + 2*v. Let i be x(-1). Let w be -2 - (i - 8/2). Let k be -4 - ((3 - 35) + w). Calculate the greatest common divisor of k and 300.
30
Let x(r) = 13*r. Let m(z) = z**2. Let g be m(2). Let f be x(g). Let n be 2/(-1 + f/44). Calculate the highest common divisor of n and 121.
11
Suppose -69*g + 1392 = -66*g. Calculate the highest common factor of 29 and g.
29
Let q(y) = y**3 - y**2 + 7*y - 1. Let w be q(4). Let i = w - 67. Calculate the highest common factor of i and 20.
4
Let v(n) = n. Let a(h) = h**2 - h + 9. Let f be a(0). Let w be v(f). Suppose 305 = 39*d - 748. Calculate the greatest common divisor of d and w.
9
Let d be (162/(-15))/((-10)/75). Suppose 5*i = 14*i - d. What is the greatest common divisor of 81 and i?
9
Let y(n) = 10*n**2. Let l be y(3). Suppose 3*u - 2*u = 5. Suppose -u*x = -111 - 69. What is the greatest common factor of x and l?
18
Suppose 512 = 67*a - 63*a. What is the highest common divisor of a and 40?
8
Let j be (-2)/8 + (-290)/(-8). Let u = -195 + 339. What is the greatest common factor of j and u?
36
Let h be -4*59*(-216)/32. Calculate the highest common factor of h and 54.
27
Let b(i) = -12*i - i**3 + 8*i + 7*i**2 + 1 + 3 - 2*i. Let w be b(4). What is the greatest common factor of 8 and w?
4
Let w(m) = 4 + 2*m**2 + 0*m**2 + 6*m - m**2 + 0*m**2. Suppose 2*y = y - 6. Let u be w(y). Calculate the greatest common factor of u and 36.
4
Let w(h) = 3*h**2 - 16*h + 26. Let m be w(8). Calculate the highest common factor of 210 and m.
30
Let t = -19 - -24. Suppose -s + 56 = 4*n, 0*s + 5*s = t*n + 330. Let f be (-10)/(-20) - (-62)/4. Calculate the highest common divisor of f and s.
16
Let j(y) = 3*y**2 - 21*y - 23. Let v(s) = 7*s**2 - 41*s - 45. Let x(q) = 9*j(q) - 4*v(q). Let c be x(-23). Calculate the highest common factor of c and 19.
19
Suppose -3*t = -b - 94, -18 - 50 = -2*t + 2*b. Suppose -33*x + 228 = -t*x. Calculate the highest common divisor of 57 and x.
19
Suppose 3*y - 4*c = 5*y + 10, -4 = c. Let z = 6 + -4. Suppose -t - z*t + y = 0. What is the highest common divisor of 11 and t?
1
Suppose 0 = u - 0 - 4. Suppose 3*a = -o + 23, 3*a - 25 = -2*a. Suppose h - o = -0*h. Calculate the greatest common factor of u and h.
4
Let t(p) = 2*p + 8. Let n be 1 + (-5 - -1)/1. Let v be t(n). Calculate the highest common factor of 10 and v.
2
Suppose 0 = -u + 23 - 16. Calculate the greatest common factor of u and 259.
7
Let u(w) = -w**3 + 9*w**2 + 8*w + 23. Let g be u(10). Suppose -s + 0 = 2*z - 7, -5*z = -4*s + 28. Calculate the greatest common factor of s and g.
1
Let g be (9/15)/((-1)/(-25)). Let h be 6/g + 124/(-10). Let k(p) = p**3 + 12*p**2 - 12*p - 1. Let t be k(h). What is the greatest common factor of t and 13?
13
Let b be 20/3*(-6)/(-4). Let n = b - 4. Let m(v) = -v**3 + 7*v**2 - 5*v + 6. Let r be m(n). What is the greatest common factor of 6 and r?
6
Let z(i) = 2*i**2 + 15*i - 5. Let u be z(-15). Suppose -2*d + u = 3*d. Let x(t) = -5*t - 4. Let o be x(-3). Calculate the greatest common factor of o and d.
11
Let q = -2485 + 2493. What is the greatest common factor of 344 and q?
8
Let n(w) be the first derivative of 1 + 9*w + 1/2*w**2. Let a be n(-4). Calculate the highest common factor of 25 and a.
5
Suppose -60*q + 364 = -176. Calculate the greatest common factor of q and 603.
9
Suppose j - 2557 + 2541 = 0. What is the greatest common divisor of j and 12?
4
Let h = 75 + -62. What is the highest common divisor of 286 and h?
13
Suppose 2*b + t - 3874 = 0, -5800 = 87*b - 90*b + 4*t. What is the highest common divisor of b and 16?
16
Suppose -8 = -2*x - 3*i, 0 = -3*x + 11*i - 13*i + 12. What is the highest common divisor of x and 206?
2
Let m = -31 + 31. Suppose -f + 4*r = -40, m = 2*f - f - r - 37. Calculate the greatest common factor of f and 18.
18
Let s be ((-1)/2)/((-2)/40). Suppose -3*p - 56 = -s*p. Calculate the highest common factor of p and 24.
8
Let f be 9/((-6 + (-114)/(-20))/(-1)). What is the greatest common factor of f and 1215?
15
Suppose 5*z - 58 = -2*w, -3*w = 4 - 1. Let a = z - 12. Suppose 2*f = -i + 16, 0 = 4*i - a*f + f - 50. What is the highest common factor of i and 60?
12
Let b(p) = p**3 - 9*p**2 - 28*p - 16. Let r be b(12). Calculate the greatest common factor of 640 and r.
80
Let o = 200 + -175. What is the greatest common divisor of 25 and o?
25
Let t = -974 - -1007. Calculate the highest common divisor of t and 176.
11
Let z be (-4)/14 + (431360/112)/5. What is the highest common factor of z and 30?
10
Let c = 24 + 36. Let j = 3336 - 3324. What is the highest common factor of j and c?
12
Suppose -3*j + 5*t = -4261, 14*t - 16*t = j - 1413. Calculate the greatest common divisor of j and 109.
109
Let s be 53 + 1 - -1*2. Suppose -q - 4*d = -2 - 3, 4*q - d = 37. Suppose 8*k = q*k - 7. Calculate the greatest common factor of s and k.
7
